 of 18 and 185292?
18
What is the greatest common factor of 6878 and 1142834?
362
Calculate the highest common factor of 29326 and 172.
86
Calculate the highest common factor of 2040 and 357.
51
Calculate the highest common factor of 113847 and 62883.
411
What is the greatest common divisor of 10229 and 53?
53
What is the greatest common factor of 12454 and 3302?
26
What is the highest common divisor of 4239641 and 399?
133
What is the highest common divisor of 12 and 19506?
6
What is the greatest common factor of 1978772 and 4?
4
What is the greatest common divisor of 7900 and 900?
100
What is the highest common factor of 4726 and 5610?
34
What is the greatest common factor of 101128 and 24?
8
Calculate the highest common divisor of 12964 and 16716.
28
What is the greatest common factor of 1234479 and 69?
69
What is the greatest common factor of 24790 and 37?
37
What is the greatest common divisor of 132521 and 445?
89
What is the highest common divisor of 341010 and 10?
10
Calculate the greatest common factor of 2318 and 4902.
38
Calculate the highest common divisor of 5304 and 5507320.
1768
Calculate the highest common factor of 5047 and 238342.
103
Calculate the highest common divisor of 3781891 and 443.
443
Calculate the highest common divisor of 3992 and 40419.
499
Calculate the highest common factor of 228861 and 27.
9
Calculate the highest common divisor of 88 and 108449.
11
What is the greatest common factor of 5364677 and 1277?
1277
Calculate the greatest common divisor of 150 and 667650.
150
What is the highest common factor of 82413 and 666?
9
What is the greatest common divisor of 1663 and 49?
1
Calculate the highest common divisor of 266060 and 1802.
106
What is the highest common factor of 67063 and 597?
199
What is the greatest common divisor of 140 and 226730?
70
What is the highest common divisor of 3500 and 105?
35
Calculate the greatest common divisor of 705 and 29140.
235
What is the greatest common factor of 71176 and 93?
31
Calculate the greatest common factor of 14301 and 4599.
63
Calculate the highest common divisor of 112400 and 2800.
400
Calculate the highest common factor of 54069 and 1407.
201
Calculate the highest common factor of 116699 and 11.
11
Calculate the highest common factor of 61061 and 693.
77
Calculate the greatest common factor of 80 and 13690.
10
What is the highest common divisor of 162 and 1211031?
81
Calculate the highest common divisor of 684 and 558.
18
What is the greatest common divisor of 241 and 960626?
241
Calculate the greatest common divisor of 164 and 222302.
82
What is the highest common divisor of 12076 and 4?
4
Calculate the greatest common divisor of 60 and 4059900.
60
What is the greatest common factor of 380284 and 4?
4
What is the greatest common factor of 273 and 34047?
39
Calculate the greatest common divisor of 65 and 605.
5
Calculate the highest common divisor of 1581 and 211089.
51
What is the greatest common divisor of 3861632 and 128?
128
Calculate the greatest common factor of 15 and 386925.
15
What is the highest common divisor of 8975 and 400?
25
Calculate the greatest common divisor of 684 and 47804.
76
Calculate the highest common factor of 519 and 7986891.
519
Calculate the greatest common divisor of 405 and 3590.
5
Calculate the highest common divisor of 18 and 8046.
18
Calculate the highest common factor of 3596 and 227416.
124
What is the highest common factor of 308 and 6616?
4
Calculate the highest common divisor of 4848 and 1515.
303
What is the greatest common factor of 414 and 6110502?
138
Calculate the greatest common factor of 37982 and 28.
14
What is the greatest common factor of 4598 and 946?
22
Calculate the greatest common factor of 474 and 544389.
237
What is the highest common factor of 66502 and 164?
82
Calculate the highest common divisor of 8136 and 12543.
339
Calculate the greatest common divisor of 140765 and 3055.
235
Calculate the greatest common factor of 260 and 103220.
260
Calculate the highest common factor of 299525 and 75.
25
Calculate the greatest common divisor of 2002 and 137423.
143
What is the highest common divisor of 44 and 2860?
44
Calculate the greatest common factor of 91476 and 44.
44
Calculate the greatest common divisor of 37829 and 6479.
209
Calculate the greatest common factor of 118816 and 1692.
188
Calculate the greatest common divisor of 194887 and 231.
77
What is the greatest common factor of 83925 and 60?
15
Calculate the greatest common factor of 3758846 and 76.
38
Calculate the greatest common factor of 153536 and 320.
64
Calculate the greatest common divisor of 552588 and 228.
12
What is the greatest common divisor of 6304 and 42158?
394
Calculate the greatest common divisor of 231 and 312648.
21
What is the greatest common factor of 42 and 62538?
42
Calculate the greatest common divisor of 5633 and 43.
43
Calculate the greatest common divisor of 42 and 1114.
2
What is the highest common factor of 3404 and 24272?
148
What is the highest common divisor of 558 and 20305?
31
Calculate the highest common divisor of 8708 and 252.
28
What is the highest common factor of 15525682 and 2836?
1418
Calculate the greatest common divisor of 9304490 and 10.
10
What is the greatest common factor of 32047 and 2117?
73
Calculate the greatest common divisor of 912 and 5520.
48
Calculate the highest common divisor of 224 and 151984.
112
What is the greatest common factor of 7843 and 391?
23
Calculate the highest common divisor of 142 and 81863.
71
Calculate the highest common factor of 87526 and 856.
214
Calculate the highest common divisor of 136654 and 602.
602
Calculate the greatest common divisor of 466 and 1252608.
466
Calculate the highest common factor of 147 and 249067.
49
Calculate the greatest common factor of 173469 and 636.
159
What is the greatest common factor of 137 and 941327?
137
Calculate the highest common factor of 160 and 41560.
40
Calculate the greatest common factor of 12324 and 1404.
156
What is the highest common divisor of 473 and 20898?
43
Calculate the greatest common factor of 6409 and 3277.
29
What is the highest common factor of 161766 and 1161?
387
What is the greatest common divisor of 295904 and 928?
32
What is the highest common factor of 150302 and 34342?
446
What is the highest common factor of 36764 and 310373?
707
Calculate the highest common divisor of 18725 and 175.
175
Calculate the highest common factor of 8404 and 2200.
44
What is the highest common divisor of 4780 and 2645?
5
Calculate the highest common divisor of 21692 and 4675.
187
Calculate the greatest common factor of 8 and 809584.
8
Calculate the highest common factor of 90 and 92790.
90
Calculate the highest common factor of 711406 and 14.
2
Calculate the highest common divisor of 13440 and 55296.
384
What is the greatest common divisor of 8640 and 1545?
15
What is the greatest common factor of 2175 and 9570?
435
Calculate the highest common divisor of 15191586 and 639.
639
Calculate the highest common factor of 18178 and 1342.
122
What is the highest common divisor of 267192 and 21029?
1237
Calculate the greatest common factor of 1197 and 2412.
9
Calculate the greatest common factor of 1079 and 8905.
13
What is the greatest common divisor of 6075 and 12?
3
Calculate the greatest common factor of 1628901 and 261.
261
What is the greatest common divisor of 197722 and 2030?
406
Calculate the greatest common divisor of 454260 and 1017.
339
Calculate the greatest common divisor of 78 and 120939.
39
What is the highest common divisor of 1128 and 22936?
376
What is the greatest common factor of 18786 and 3162?
186
Calculate the highest common divisor of 126 and 1645.
7
What is the highest common factor of 2112 and 144?
48
What is the greatest common divisor of 273475 and 50?
25
Calculate the highest common factor of 75 and 1966950.
75
What is the greatest common divisor of 177671 and 169?
13
Calculate the highest common divisor of 7792 and 11064.
8
What is the highest common factor of 45 and 2745?
45
What is the greatest common divisor of 553031 and 1477?
211
Calculate the highest common factor of 43424 and 506.
46
What is the highest common divisor of 1988573 and 397?
397
What is the highest common factor of 231 and 111309?
33
What i